{"id":6294,"date":"2022-01-28T14:42:52","date_gmt":"2022-01-28T13:42:52","guid":{"rendered":"https:\/\/anam.ma\/anam\/?page_id=6294"},"modified":"2022-01-28T15:59:52","modified_gmt":"2022-01-28T14:59:52","slug":"prestations-garanties-par-lamo","status":"publish","type":"page","link":"https:\/\/anam.ma\/anam\/prestations-garanties-par-lamo\/","title":{"rendered":"Prestations garanties par l\u2019AMO"},"content":{"rendered":"\t\t<div data-elementor-type=\"wp-page\" data-elementor-id=\"6294\" class=\"elementor elementor-6294\" data-elementor-settings=\"[]\">\n\t\t\t\t\t\t\t<div class=\"elementor-section-wrap\">\n\t\t\t\t\t\t\t<section class=\"elementor-section elementor-top-section elementor-element elementor-element-2fa3c6d4 elementor-section-stretched elementor-section-height-min-height elementor-section-boxed elementor-section-height-default elementor-section-items-middle elementor-invisible\" data-id=\"2fa3c6d4\" data-element_type=\"section\" data-settings=\"{&quot;background_background&quot;:&quot;classic&quot;,&quot;stretch_section&quot;:&quot;section-stretched&quot;,&quot;animation&quot;:&quot;fadeIn&quot;}\">\n\t\t\t\t\t\t\t<div class=\"elementor-background-overlay\"><\/div>\n\t\t\t\t\t\t\t<div class=\"elementor-container elementor-column-gap-no\">\n\t\t\t\t\t<div class=\"elementor-column elementor-col-100 elementor-top-column elementor-element elementor-element-22e7337a\" data-id=\"22e7337a\" data-element_type=\"column\">\n\t\t\t<div class=\"elementor-widget-wrap elementor-element-populated\">\n\t\t\t\t\t\t\t\t<div class=\"elementor-element elementor-element-140270ac elementor-widget elementor-widget-heading\" data-id=\"140270ac\" data-element_type=\"widget\" data-widget_type=\"heading.default\">\n\t\t\t\t<div class=\"elementor-widget-container\">\n\t\t\t<h1 class=\"elementor-heading-title elementor-size-large\">Prestations garanties par l\u2019AMO<\/h1>\t\t<\/div>\n\t\t\t\t<\/div>\n\t\t\t\t<div class=\"elementor-element elementor-element-144e6c5c elementor-widget elementor-widget-heading\" data-id=\"144e6c5c\" data-element_type=\"widget\" data-widget_type=\"heading.default\">\n\t\t\t\t<div class=\"elementor-widget-container\">\n\t\t\t<h4 class=\"elementor-heading-title elementor-size-medium\">L'Agence Nationale de l'Assurance Maladie<\/h4>\t\t<\/div>\n\t\t\t\t<\/div>\n\t\t\t\t<div class=\"elementor-element elementor-element-79b1f88b elementor-widget elementor-widget-text-editor\" data-id=\"79b1f88b\" data-element_type=\"widget\" data-widget_type=\"text-editor.default\">\n\t\t\t\t<div class=\"elementor-widget-container\">\n\t\t\t\t\t\t\t<h2 class=\"elementor-heading-title elementor-size-default elementor-inline-editing pen\" style=\"outline-style: initial; outline-width: 0px; font-variant-ligatures: normal; font-variant-caps: normal; line-height: 1.6em; font-family: 'Roboto Slab'; font-size: 16px; font-style: normal; font-weight: 400; color: #c4c4c4; white-space: normal; text-align: justify;\" data-elementor-setting-key=\"title\" data-pen-placeholder=\"\u00c9crivez ici...\">L\u2019ANAM est l\u2019une des r\u00e9alisations des grandes r\u00e9formes structurantes qu\u2019a connu notre pays durant cette derni\u00e8re d\u00e9cennie. Tel que pr\u00e9vu par la l\u00e9gislation en vigueur, l\u2019ANAM a pour missions principales l\u2019encadrement et la r\u00e9gulation du syst\u00e8me de l\u2019Assurance Maladie Obligatoire (AMO), ainsi que la gestion des ressources du R\u00e9gime d\u2019Assistance M\u00e9dicale (RAMED).<\/h2>\t\t\t\t\t\t<\/div>\n\t\t\t\t<\/div>\n\t\t\t\t\t<\/div>\n\t\t<\/div>\n\t\t\t\t\t\t\t<\/div>\n\t\t<\/section>\n\t\t\t\t<section class=\"elementor-section elementor-top-section elementor-element elementor-element-68d3ba9 elementor-section-boxed elementor-section-height-default elementor-section-height-default\" data-id=\"68d3ba9\" data-element_type=\"section\">\n\t\t\t\t\t\t<div class=\"elementor-container elementor-column-gap-default\">\n\t\t\t\t\t<div class=\"elementor-column elementor-col-100 elementor-top-column elementor-element elementor-element-5e4e1984\" data-id=\"5e4e1984\" data-element_type=\"column\">\n\t\t\t<div class=\"elementor-widget-wrap elementor-element-populated\">\n\t\t\t\t\t\t\t\t<div class=\"elementor-element elementor-element-7d049a50 elementor-widget elementor-widget-text-editor\" data-id=\"7d049a50\" data-element_type=\"widget\" data-widget_type=\"text-editor.default\">\n\t\t\t\t<div class=\"elementor-widget-container\">\n\t\t\t\t\t\t\t<div class=\"wpb_row wf-container\"><div class=\"vc_col-sm-12 wpb_column column_container \"><div class=\"wpb_wrapper\"><div class=\"wpb_text_column wpb_content_element \"><div class=\"wpb_wrapper\"><p style=\"text-align: justify;\">\u00a0<\/p><blockquote><p>Les assur\u00e9s de l\u2019AMO et leur ayant droit b\u00e9n\u00e9ficient\u00a0 de la prise en charge\u00a0 d\u2019un ensemble de prestations\u00a0 regroup\u00e9s dans un panier de soins, d\u00e9finit au niveau des articles 7 et 8\u00a0 de la Loi n\u00b0 65.00 portant code de la Couverture M\u00e9dicale de Base (CMB), et ce, quel que soit le r\u00e9gime dont ils rel\u00e8vent.<\/p><\/blockquote><\/div><\/div><\/div><\/div><\/div>\t\t\t\t\t\t<\/div>\n\t\t\t\t<\/div>\n\t\t\t\t<div class=\"elementor-element elementor-element-1406b885 elementor-widget elementor-widget-accordion\" data-id=\"1406b885\" data-element_type=\"widget\" data-widget_type=\"accordion.default\">\n\t\t\t\t<div class=\"elementor-widget-container\">\n\t\t\t\t\t<div class=\"elementor-accordion\" role=\"tablist\">\n\t\t\t\t\t\t\t<div class=\"elementor-accordion-item\">\n\t\t\t\t\t<div id=\"elementor-tab-title-3351\" class=\"elementor-tab-title\" data-tab=\"1\" role=\"tab\" aria-controls=\"elementor-tab-content-3351\" aria-expanded=\"false\">\n\t\t\t\t\t\t\t\t\t\t\t\t\t<span class=\"elementor-accordion-icon elementor-accordion-icon-left\" aria-hidden=\"true\">\n\t\t\t\t\t\t\t\t\t\t\t\t\t\t\t<span class=\"elementor-accordion-icon-closed\"><i class=\"fas fa-plus\"><\/i><\/span>\n\t\t\t\t\t\t\t\t<span class=\"elementor-accordion-icon-opened\"><i class=\"fas fa-minus\"><\/i><\/span>\n\t\t\t\t\t\t\t\t\t\t\t\t\t\t<\/span>\n\t\t\t\t\t\t\t\t\t\t\t\t<a class=\"elementor-accordion-title\" href=\"\">ARTICLE 7<\/a>\n\t\t\t\t\t<\/div>\n\t\t\t\t\t<div id=\"elementor-tab-content-3351\" class=\"elementor-tab-content elementor-clearfix\" data-tab=\"1\" role=\"tabpanel\" aria-labelledby=\"elementor-tab-title-3351\"><p style=\"text-align: justify;\">L&rsquo;assurance maladie obligatoire de base garantit pour les assur\u00e9s et les membres de leur famille \u00e0 charge, quel que soit le r\u00e9gime dont ils rel\u00e8vent, la couverture des risques et frais de soins de sant\u00e9 inh\u00e9rents \u00e0 la maladie ou l&rsquo;accident, \u00e0 la maternit\u00e9 et \u00e0 la r\u00e9habilitation physique et fonctionnelle.<br \/>Les risques li\u00e9s aux accidents du travail et maladies professionnelles demeurent r\u00e9gis par la l\u00e9gislation et la r\u00e9glementation les concernant.<br \/>L&rsquo;assurance maladie obligatoire de base donne droit, dans les conditions et selon les modalit\u00e9s fix\u00e9es par voie r\u00e9glementaire, au remboursement et \u00e9ventuellement \u00e0 la prise en charge directe des frais de soins curatifs, pr\u00e9ventifs et de r\u00e9habilitation m\u00e9dicalement requis par l&rsquo;\u00e9tat de sant\u00e9 du b\u00e9n\u00e9ficiaire et aff\u00e9rents aux prestations suivantes:<\/p><ul style=\"text-align: justify;\"><li>soins pr\u00e9ventifs et curatifs li\u00e9s aux programmes prioritaires entrant dans le cadre de la politique sanitaire de l&rsquo;Etat;<\/li><li>actes de m\u00e9decine g\u00e9n\u00e9rale et de sp\u00e9cialit\u00e9s m\u00e9dicales et chirurgicales ;<\/li><li>soins relatifs au suivi de la grossesse, \u00e0 l\u2019accouchement et ses suites\u00a0;<\/li><li>soins li\u00e9s \u00e0 l&rsquo;hospitalisation et aux interventions chirurgicales y compris les actes de chirurgie r\u00e9paratrice\u00a0;<\/li><li>analyses de biologie m\u00e9dicale\u00a0;<\/li><li>radiologie et imagerie m\u00e9dicale\u00a0;<\/li><li>explorations fonctionnelles\u00a0;<\/li><li>m\u00e9dicaments admis au remboursement ;<\/li><li>poches de sang humain et d\u00e9riv\u00e9s sanguins ;<\/li><li>dispositifs m\u00e9dicaux et implants n\u00e9cessaires aux diff\u00e9rents actes m\u00e9dicaux et chirurgicaux compte tenu de la nature de la maladie ou de l&rsquo;accident et du type de dispositifs ou d&rsquo;implants ;<\/li><li>appareils de proth\u00e8se et d&rsquo;orth\u00e8se m\u00e9dicales admis au remboursement ;<\/li><li>lunetterie m\u00e9dicale ;<\/li><li>soins bucco-dentaires ;<\/li><li>orthodontie pour les enfants ;<\/li><li>actes de r\u00e9\u00e9ducation fonctionnelle et de kin\u00e9sith\u00e9rapie ;<\/li><li>actes param\u00e9dicaux.<\/li><\/ul><p style=\"text-align: justify;\">Cette liste est mise \u00e0 jour par l\u2019ANAM chaque fois que de besoin.<\/p><\/div>\n\t\t\t\t<\/div>\n\t\t\t\t\t\t\t<div class=\"elementor-accordion-item\">\n\t\t\t\t\t<div id=\"elementor-tab-title-3352\" class=\"elementor-tab-title\" data-tab=\"2\" role=\"tab\" aria-controls=\"elementor-tab-content-3352\" aria-expanded=\"false\">\n\t\t\t\t\t\t\t\t\t\t\t\t\t<span class=\"elementor-accordion-icon elementor-accordion-icon-left\" aria-hidden=\"true\">\n\t\t\t\t\t\t\t\t\t\t\t\t\t\t\t<span class=\"elementor-accordion-icon-closed\"><i class=\"fas fa-plus\"><\/i><\/span>\n\t\t\t\t\t\t\t\t<span class=\"elementor-accordion-icon-opened\"><i class=\"fas fa-minus\"><\/i><\/span>\n\t\t\t\t\t\t\t\t\t\t\t\t\t\t<\/span>\n\t\t\t\t\t\t\t\t\t\t\t\t<a class=\"elementor-accordion-title\" href=\"\">ARTICLE 8<\/a>\n\t\t\t\t\t<\/div>\n\t\t\t\t\t<div id=\"elementor-tab-content-3352\" class=\"elementor-tab-content elementor-clearfix\" data-tab=\"2\" role=\"tabpanel\" aria-labelledby=\"elementor-tab-title-3352\"><p style=\"text-align: justify;\">Sont exclues du champ des prestations garanties par l&rsquo;assurance maladie obligatoire de base, les interventions de chirurgie esth\u00e9tique, les cures thermales, l&rsquo;acupuncture, la m\u00e9soth\u00e9rapie, la thalassoth\u00e9rapie, l&rsquo;hom\u00e9opathie et les prestations dispens\u00e9es dans le cadre de la m\u00e9decine dite douce.<\/p><\/div>\n\t\t\t\t<\/div>\n\t\t\t\t\t\t\t\t<\/div>\n\t\t\t\t<\/div>\n\t\t\t\t<\/div>\n\t\t\t\t<div class=\"elementor-element elementor-element-b5ff9cb elementor-widget elementor-widget-text-editor\" data-id=\"b5ff9cb\" data-element_type=\"widget\" data-widget_type=\"text-editor.default\">\n\t\t\t\t<div class=\"elementor-widget-container\">\n\t\t\t\t\t\t\t<p><strong>Pour consulter les taux de couverture\u00a0 des prestations garanties par la CNOPS et la CNSS, pri\u00e8re de cliquer <span style=\"color: #ff0000;\"><a style=\"color: #ff0000;\" href=\"https:\/\/anam.ma\/anam\/wp-content\/uploads\/2022\/01\/AMO-FR-90-95.pdf\">ici<\/a>\u00a0<\/span><\/strong><\/p><p>\u00a0<\/p>\t\t\t\t\t\t<\/div>\n\t\t\t\t<\/div>\n\t\t\t\t\t<\/div>\n\t\t<\/div>\n\t\t\t\t\t\t\t<\/div>\n\t\t<\/section>\n\t\t\t\t\t\t<\/div>\n\t\t\t\t\t<\/div>\n\t\t","protected":false},"excerpt":{"rendered":"<p>Prestations garanties par l\u2019AMO L&rsquo;Agence Nationale de l&rsquo;Assurance Maladie L\u2019ANAM est l\u2019une des r\u00e9alisations des grandes r\u00e9formes structurantes qu\u2019a connu notre pays durant cette derni\u00e8re d\u00e9cennie. Tel que pr\u00e9vu par la l\u00e9gislation en vigueur, l\u2019ANAM a pour missions principales l\u2019encadrement et la r\u00e9gulation du syst\u00e8me de l\u2019Assurance Maladie Obligatoire (AMO), ainsi que la gestion des [&hellip;]<\/p>\n","protected":false},"author":7,"featured_media":0,"parent":0,"menu_order":0,"comment_status":"closed","ping_status":"closed","template":"","meta":[],"acf":[],"_links":{"self":[{"href":"https:\/\/anam.ma\/anam\/wp-json\/wp\/v2\/pages\/6294"}],"collection":[{"href":"https:\/\/anam.ma\/anam\/wp-json\/wp\/v2\/pages"}],"about":[{"href":"https:\/\/anam.ma\/anam\/wp-json\/wp\/v2\/types\/page"}],"author":[{"embeddable":true,"href":"https:\/\/anam.ma\/anam\/wp-json\/wp\/v2\/users\/7"}],"replies":[{"embeddable":true,"href":"https:\/\/anam.ma\/anam\/wp-json\/wp\/v2\/comments?post=6294"}],"version-history":[{"count":13,"href":"https:\/\/anam.ma\/anam\/wp-json\/wp\/v2\/pages\/6294\/revisions"}],"predecessor-version":[{"id":6311,"href":"https:\/\/anam.ma\/anam\/wp-json\/wp\/v2\/pages\/6294\/revisions\/6311"}],"wp:attachment":[{"href":"https:\/\/anam.ma\/anam\/wp-json\/wp\/v2\/media?parent=6294"}],"curies":[{"name":"wp","href":"https:\/\/api.w.org\/{rel}","templated":true}]}}

<div data-elementor-type="wp-page" data-elementor-id="6294" class="elementor elementor-6294" data-elementor-settings="[]">
							<div class="elementor-section-wrap">
							<section class="elementor-section elementor-top-section elementor-element elementor-element-2fa3c6d4 elementor-section-stretched elementor-section-height-min-height elementor-section-boxed elementor-section-height-default elementor-section-items-middle elementor-invisible" data-id="2fa3c6d4" data-element_type="section" data-settings="{&quot;background_background&quot;:&quot;classic&quot;,&quot;stretch_section&quot;:&quot;section-stretched&quot;,&quot;animation&quot;:&quot;fadeIn&quot;}">
							<div class="elementor-background-overlay"></div>
							<div class="elementor-container elementor-column-gap-no">
					<div class="elementor-column elementor-col-100 elementor-top-column elementor-element elementor-element-22e7337a" data-id="22e7337a" data-element_type="column">
			<div class="elementor-widget-wrap elementor-element-populated">
								<div class="elementor-element elementor-element-140270ac elementor-widget elementor-widget-heading" data-id="140270ac" data-element_type="widget" data-widget_type="heading.default">
				<div class="elementor-widget-container">
			<h1 class="elementor-heading-title elementor-size-large">Prestations garanties par l’AMO</h1>		</div>
				</div>
				<div class="elementor-element elementor-element-144e6c5c elementor-widget elementor-widget-heading" data-id="144e6c5c" data-element_type="widget" data-widget_type="heading.default">
				<div class="elementor-widget-container">
			<h4 class="elementor-heading-title elementor-size-medium">L'Agence Nationale de l'Assurance Maladie</h4>		</div>
				</div>
				<div class="elementor-element elementor-element-79b1f88b elementor-widget elementor-widget-text-editor" data-id="79b1f88b" data-element_type="widget" data-widget_type="text-editor.default">
				<div class="elementor-widget-container">
							<h2 class="elementor-heading-title elementor-size-default elementor-inline-editing pen" style="outline-style: initial; outline-width: 0px; font-variant-ligatures: normal; font-variant-caps: normal; line-height: 1.6em; font-family: 'Roboto Slab'; font-size: 16px; font-style: normal; font-weight: 400; color: #c4c4c4; white-space: normal; text-align: justify;" data-elementor-setting-key="title" data-pen-placeholder="Écrivez ici...">L’ANAM est l’une des réalisations des grandes réformes structurantes qu’a connu notre pays durant cette dernière décennie. Tel que prévu par la législation en vigueur, l’ANAM a pour missions principales l’encadrement et la régulation du système de l’Assurance Maladie Obligatoire (AMO), ainsi que la gestion des ressources du Régime d’Assistance Médicale (RAMED).</h2>						</div>
				</div>
					</div>
		</div>
							</div>
		</section>
				<section class="elementor-section elementor-top-section elementor-element elementor-element-68d3ba9 elementor-section-boxed elementor-section-height-default elementor-section-height-default" data-id="68d3ba9" data-element_type="section">
						<div class="elementor-container elementor-column-gap-default">
					<div class="elementor-column elementor-col-100 elementor-top-column elementor-element elementor-element-5e4e1984" data-id="5e4e1984" data-element_type="column">
			<div class="elementor-widget-wrap elementor-element-populated">
								<div class="elementor-element elementor-element-7d049a50 elementor-widget elementor-widget-text-editor" data-id="7d049a50" data-element_type="widget" data-widget_type="text-editor.default">
				<div class="elementor-widget-container">
							<div class="wpb_row wf-container"><div class="vc_col-sm-12 wpb_column column_container "><div class="wpb_wrapper"><div class="wpb_text_column wpb_content_element "><div class="wpb_wrapper"><p style="text-align: justify;"> </p><blockquote><p>Les assurés de l’AMO et leur ayant droit bénéficient  de la prise en charge  d’un ensemble de prestations  regroupés dans un panier de soins, définit au niveau des articles 7 et 8  de la Loi n° 65.00 portant code de la Couverture Médicale de Base (CMB), et ce, quel que soit le régime dont ils relèvent.</p></blockquote></div></div></div></div></div>						</div>
				</div>
				<div class="elementor-element elementor-element-1406b885 elementor-widget elementor-widget-accordion" data-id="1406b885" data-element_type="widget" data-widget_type="accordion.default">
				<div class="elementor-widget-container">
					<div class="elementor-accordion" role="tablist">
							<div class="elementor-accordion-item">
					<div id="elementor-tab-title-3351" class="elementor-tab-title" data-tab="1" role="tab" aria-controls="elementor-tab-content-3351" aria-expanded="false">
													<span class="elementor-accordion-icon elementor-accordion-icon-left" aria-hidden="true">
															<span class="elementor-accordion-icon-closed"><i class="fas fa-plus"></i></span>
								<span class="elementor-accordion-icon-opened"><i class="fas fa-minus"></i></span>
														</span>
												<a class="elementor-accordion-title" href="">ARTICLE 7</a>
					</div>
					<div id="elementor-tab-content-3351" class="elementor-tab-content elementor-clearfix" data-tab="1" role="tabpanel" aria-labelledby="elementor-tab-title-3351"><p style="text-align: justify;">L&rsquo;assurance maladie obligatoire de base garantit pour les assurés et les membres de leur famille à charge, quel que soit le régime dont ils relèvent, la couverture des risques et frais de soins de santé inhérents à la maladie ou l&rsquo;accident, à la maternité et à la réhabilitation physique et fonctionnelle.<br />Les risques liés aux accidents du travail et maladies professionnelles demeurent régis par la législation et la réglementation les concernant.<br />L&rsquo;assurance maladie obligatoire de base donne droit, dans les conditions et selon les modalités fixées par voie réglementaire, au remboursement et éventuellement à la prise en charge directe des frais de soins curatifs, préventifs et de réhabilitation médicalement requis par l&rsquo;état de santé du bénéficiaire et afférents aux prestations suivantes:</p><ul style="text-align: justify;"><li>soins préventifs et curatifs liés aux programmes prioritaires entrant dans le cadre de la politique sanitaire de l&rsquo;Etat;</li><li>actes de médecine générale et de spécialités médicales et chirurgicales ;</li><li>soins relatifs au suivi de la grossesse, à l’accouchement et ses suites ;</li><li>soins liés à l&rsquo;hospitalisation et aux interventions chirurgicales y compris les actes de chirurgie réparatrice ;</li><li>analyses de biologie médicale ;</li><li>radiologie et imagerie médicale ;</li><li>explorations fonctionnelles ;</li><li>médicaments admis au remboursement ;</li><li>poches de sang humain et dérivés sanguins ;</li><li>dispositifs médicaux et implants nécessaires aux différents actes médicaux et chirurgicaux compte tenu de la nature de la maladie ou de l&rsquo;accident et du type de dispositifs ou d&rsquo;implants ;</li><li>appareils de prothèse et d&rsquo;orthèse médicales admis au remboursement ;</li><li>lunetterie médicale ;</li><li>soins bucco-dentaires ;</li><li>orthodontie pour les enfants ;</li><li>actes de rééducation fonctionnelle et de kinésithérapie ;</li><li>actes paramédicaux.</li></ul><p style="text-align: justify;">Cette liste est mise à jour par l’ANAM chaque fois que de besoin.</p></div>
				</div>
							<div class="elementor-accordion-item">
					<div id="elementor-tab-title-3352" class="elementor-tab-title" data-tab="2" role="tab" aria-controls="elementor-tab-content-3352" aria-expanded="false">
													<span class="elementor-accordion-icon elementor-accordion-icon-left" aria-hidden="true">
															<span class="elementor-accordion-icon-closed"><i class="fas fa-plus"></i></span>
								<span class="elementor-accordion-icon-opened"><i class="fas fa-minus"></i></span>
														</span>
												<a class="elementor-accordion-title" href="">ARTICLE 8</a>
					</div>
					<div id="elementor-tab-content-3352" class="elementor-tab-content elementor-clearfix" data-tab="2" role="tabpanel" aria-labelledby="elementor-tab-title-3352"><p style="text-align: justify;">Sont exclues du champ des prestations garanties par l&rsquo;assurance maladie obligatoire de base, les interventions de chirurgie esthétique, les cures thermales, l&rsquo;acupuncture, la mésothérapie, la thalassothérapie, l&rsquo;homéopathie et les prestations dispensées dans le cadre de la médecine dite douce.</p></div>
				</div>
								</div>
				</div>
				</div>
				<div class="elementor-element elementor-element-b5ff9cb elementor-widget elementor-widget-text-editor" data-id="b5ff9cb" data-element_type="widget" data-widget_type="text-editor.default">
				<div class="elementor-widget-container">
							<p><strong>Pour consulter les taux de couverture  des prestations garanties par la CNOPS et la CNSS, prière de cliquer <span style="color: #ff0000;"><a style="color: #ff0000;" href="https://anam.ma/anam/wp-content/uploads/2022/01/AMO-FR-90-95.pdf">ici</a> </span></strong></p><p> </p>						</div>
				</div>
					</div>
		</div>
							</div>
		</section>
						</div>
					</div>

<p>Prestations garanties par l’AMO L&rsquo;Agence Nationale de l&rsquo;Assurance Maladie L’ANAM est l’une des réalisations des grandes réformes structurantes qu’a connu notre pays durant cette dernière décennie. Tel que prévu par la législation en vigueur, l’ANAM a pour missions principales l’encadrement et la régulation du système de l’Assurance Maladie Obligatoire (AMO), ainsi que la gestion des [&hellip;]</p>
